the remainder when 40559 is divided by 5054?
127
Calculate the remainder when 135229 is divided by 8.
5
Calculate the remainder when 92175 is divided by 9.
6
Calculate the remainder when 151324 is divided by 21.
19
Calculate the remainder when 5450025 is divided by 12.
9
Calculate the remainder when 3018 is divided by 698.
226
What is the remainder when 3848 is divided by 82?
76
Calculate the remainder when 4910 is divided by 1334.
908
Calculate the remainder when 66244 is divided by 1160.
124
What is the remainder when 1839 is divided by 911?
17
What is the remainder when 5981 is divided by 542?
19
Calculate the remainder when 1419 is divided by 61.
16
What is the remainder when 1628 is divided by 352?
220
What is the remainder when 66024 is divided by 87?
78
Calculate the remainder when 37256 is divided by 627.
263
What is the remainder when 11497 is divided by 3697?
406
What is the remainder when 15296 is divided by 15?
11
What is the remainder when 11846 is divided by 167?
156
Calculate the remainder when 10777 is divided by 5377.
23
Calculate the remainder when 29303 is divided by 68.
63
Calculate the remainder when 89958 is divided by 181.
1
Calculate the remainder when 191003 is divided by 3979.
11
Calculate the remainder when 81818 is divided by 1341.
17
Calculate the remainder when 74223 is divided by 22.
17
What is the remainder when 17518 is divided by 227?
39
Calculate the remainder when 419991 is divided by 1647.
6
What is the remainder when 5047 is divided by 314?
23
What is the remainder when 416734 is divided by 69452?
22
Calculate the remainder when 2136 is divided by 945.
246
What is the remainder when 7262 is divided by 17?
3
Calculate the remainder when 222 is divided by 208.
14
What is the remainder when 3715 is divided by 1236?
7
What is the remainder when 2073788 is divided by 12?
8
Calculate the remainder when 3320 is divided by 207.
8
What is the remainder when 1740118 is divided by 60?
58
What is the remainder when 1064 is divided by 502?
60
Calculate the remainder when 2343 is divided by 592.
567
What is the remainder when 1008 is divided by 557?
451
What is the remainder when 41448 is divided by 56?
8
Calculate the remainder when 360526 is divided by 336.
334
What is the remainder when 198583 is divided by 31?
28
Calculate the remainder when 75962 is divided by 37792.
378
Calculate the remainder when 6469 is divided by 428.
49
Calculate the remainder when 3621 is divided by 960.
741
What is the remainder when 77565 is divided by 2504?
2445
What is the remainder when 170712 is divided by 28452?
0
Calculate the remainder when 3494 is divided by 34.
26
Calculate the remainder when 46052 is divided by 119.
118
What is the remainder when 127123 is divided by 1234?
21
What is the remainder when 19061 is divided by 18919?
142
What is the remainder when 1436327 is divided by 17?
14
Calculate the remainder when 3770801 is divided by 42.
41
What is the remainder when 9962 is divided by 1183?
498
What is the remainder when 41528 is divided by 20727?
74
Calculate the remainder when 4542 is divided by 4532.
10
What is the remainder when 2677 is divided by 335?
332
What is the remainder when 11574 is divided by 311?
67
Calculate the remainder when 11794 is divided by 88.
2
What is the remainder when 163045 is divided by 139?
137
What is the remainder when 279261 is divided by 429?
411
What is the remainder when 2471 is divided by 225?
221
What is the remainder when 546 is divided by 234?
78
Calculate the remainder when 31193 is divided by 218.
19
What is the remainder when 990956 is divided by 330315?
11
Calculate the remainder when 5791 is divided by 1151.
36
What is the remainder when 471453 is divided by 848?
813
What is the remainder when 1872 is divided by 571?
159
Calculate the remainder when 220579 is divided by 44114.
9
What is the remainder when 382707 is divided by 95675?
7
What is the remainder when 5030 is divided by 45?
35
What is the remainder when 731 is divided by 9?
2
Calculate the remainder when 2536 is divided by 2518.
18
Calculate the remainder when 4765 is divided by 4751.
14
Calculate the remainder when 588525 is divided by 603.
600
What is the remainder when 2071 is divided by 278?
125
What is the remainder when 23297 is divided by 57?
41
What is the remainder when 88998 is divided by 319?
316
Calculate the remainder when 3067 is divided by 138.
31
Calculate the remainder when 426308 is divided by 106572.
20
What is the remainder when 9292 is divided by 169?
166
What is the remainder when 160096 is divided by 643?
632
Calculate the remainder when 1281 is divided by 145.
121
Calculate the remainder when 5902 is divided by 310.
12
Calculate the remainder when 38656 is divided by 2414.
32
Calculate the remainder when 3608 is divided by 57.
17
Calculate the remainder when 595 is divided by 13.
10
Calculate the remainder when 112627 is divided by 9.
1
What is the remainder when 985033 is divided by 140718?
7
What is the remainder when 58026 is divided by 265?
256
What is the remainder when 504 is divided by 460?
44
Calculate the remainder when 1473 is divided by 1470.
3
Calculate the remainder when 35407 is divided by 1866.
1819
What is the remainder when 370 is divided by 32?
18
What is the remainder when 3164 is divided by 88?
84
What is the remainder when 194523 is divided by 5403?
15
What is the remainder when 16812 is divided by 3303?
297
What is the remainder when 31399 is divided by 6277?
14
What is the remainder when 45946 is divided by 42?
40
Calculate the remainder when 61906 is divided by 897.
13
Calculate the remainder when 11290 is divided by 73.
48
What is the remainder when 5063 is divided by 1234?
127
Calculate the remainder when 93945 is divided by 50.
45
What is the remainder when 1189 is divided by 197?
7
What is the remainder when 421 is divided by 29?
15
Calculate the remainder when 9000 is divided by 704.
552
What is the remainder when 9635 is divided by 2406?
11
What is the remainder when 12359 is divided by 74?
1
What is the remainder when 971 is divided by 129?
68
What is the remainder when 6988 is divided by 5765?
1223
Calculate the remainder when 55905 is divided by 274.
9
What is the remainder when 342915 is divided by 1723?
38
What is the remainder when 3614 is divided by 81?
50
What is the remainder when 59756 is divided by 189?
32
Calculate the remainder when 31419 is divided by 339.
231
Calculate the remainder when 1972 is divided by 61.
20
Calculate the remainder when 31851 is divided by 31832.
19
What is the remainder when 5854 is divided by 451?
442
Calculate the remainder when 136997 is divided by 34247.
9
Calculate the remainder when 575944 is divided by 158.
34
What is the remainder when 4622 is divided by 130?
72
What is the remainder when 128850 is divided by 44?
18
Calculate the remainder when 16200 is divided by 478.
426
Calculate the remainder when 46282 is divided by 42.
40
What is the remainder when 33940 is divided by 6787?
5
Calculate the remainder when 4997 is divided by 42.
41
Calculate the remainder when 84072 is divided by 44.
32
What is the remainder when 7339 is divided by 1383?
424
Calculate the remainder when 130456 is divided by 1890.
46
Calculate the remainder when 26067 is divided by 474.
471
What is the remainder when 124153 is divided by 25?
3
Calculate the remainder when 4951 is divided by 338.
219
What is the remainder when 29832 is divided by 3723?
48
Calculate the remainder when 59900 is divided by 3152.
12
What is the remainder when 1161 is divided by 6?
3
Calculate the remainder when 935146 is divided by 11.
3
Calculate the remainder when 15931 is divided by 347.
316
Calculate the remainder when 6205 is divided by 16.
13
What is the remainder when 360404 is divided by 2325?
29
Calculate the remainder when 779037 is divided by 24.
21
Calculate the remainder when 54723 is divided by 9114.
39
Calculate the remainder when 3479 is divided by 886.
821
What is the remainder when 10304531 is divided by 206?
205
Calculate the remainder when 1580 is divided by 253.
62
Calculate the remainder when 1734 is divided by 31.
29
Calculate the remainder when 22548 is divided by 2162.
928
What is the remainder when 3780 is divided by 118?
4
Calculate the remain